lions digit of 312621994?
2
What is the ten thousands digit of 880155648?
5
What is the millions digit of 40231931?
0
What is the hundreds digit of 25161000?
0
What is the hundreds digit of 1203236560?
5
What is the tens digit of 2697914626?
2
What is the ten millions digit of 206641126?
0
What is the hundred thousands digit of 7881525183?
5
What is the tens digit of 1662979632?
3
What is the thousands digit of 1074468893?
8
What is the hundred thousands digit of 318305661?
3
What is the ten thousands digit of 265803712?
0
What is the ten millions digit of 220457036?
2
What is the units digit of 172722388?
8
What is the thousands digit of 44828890?
8
What is the thousands digit of 5553401824?
1
What is the hundred millions digit of 1090290908?
0
What is the thousands digit of 150392171?
2
What is the tens digit of 159450277?
7
What is the millions digit of 3246880009?
6
What is the ten millions digit of 5926517089?
2
What is the tens digit of 219726161?
6
What is the units digit of 24955149?
9
What is the hundred thousands digit of 422251193?
2
What is the ten millions digit of 39564861?
3
What is the ten millions digit of 13451810?
1
What is the units digit of 9994725?
5
What is the ten thousands digit of 244269132?
6
What is the ten millions digit of 5468778403?
6
What is the billions digit of 3033098612?
3
What is the hundred thousands digit of 2959259820?
2
What is the millions digit of 496979762?
6
What is the tens digit of 649820176?
7
What is the thousands digit of 11669836?
9
What is the hundreds digit of 101798740?
7
What is the ten millions digit of 627428655?
2
What is the units digit of 900562319?
9
What is the hundreds digit of 129025573?
5
What is the units digit of 55549701?
1
What is the thousands digit of 168419293?
9
What is the hundreds digit of 146769242?
2
What is the ten thousands digit of 202352058?
5
What is the ten thousands digit of 47634808?
3
What is the ten thousands digit of 64191023?
9
What is the thousands digit of 385912006?
2
What is the ten thousands digit of 169379984?
7
What is the thousands digit of 9585620?
5
What is the hundreds digit of 1671688941?
9
What is the hundreds digit of 127763496?
4
What is the hundreds digit of 357381146?
1
What is the ten thousands digit of 187282715?
8
What is the ten millions digit of 85335224?
8
What is the thousands digit of 342518711?
8
What is the ten millions digit of 32887427?
3
What is the hundred thousands digit of 45798980?
7
What is the thousands digit of 461708271?
8
What is the thousands digit of 237847853?
7
What is the tens digit of 444913842?
4
What is the hundreds digit of 711203457?
4
What is the tens digit of 88913211?
1
What is the hundred millions digit of 534160418?
5
What is the hundred millions digit of 430000130?
4
What is the ten thousands digit of 9988758?
8
What is the units digit of 28263943?
3
What is the hundreds digit of 91598138?
1
What is the ten millions digit of 178316882?
7
What is the thousands digit of 292676689?
6
What is the hundreds digit of 414194165?
1
What is the hundred thousands digit of 37496906?
4
What is the hundred millions digit of 107497453?
1
What is the hundred thousands digit of 172205519?
2
What is the tens digit of 185041771?
7
What is the hundreds digit of 4970009772?
7
What is the millions digit of 153920392?
3
What is the units digit of 271453170?
0
What is the hundred millions digit of 364189358?
3
What is the millions digit of 223000924?
3
What is the ten thousands digit of 401511759?
1
What is the units digit of 6452124?
4
What is the ten millions digit of 47236757?
4
What is the hundreds digit of 48446124?
1
What is the ten thousands digit of 705664321?
6
What is the hundred millions digit of 746651934?
7
What is the ten millions digit of 148250402?
4
What is the hundred thousands digit of 52946407?
9
What is the hundreds digit of 94267510?
5
What is the hundreds digit of 72813645?
6
What is the thousands digit of 2642872893?
2
What is the millions digit of 112247026?
2
What is the thousands digit of 88827490?
7
What is the units digit of 441770460?
0
What is the thousands digit of 156681788?
1
What is the millions digit of 60573851?
0
What is the ten millions digit of 55027846?
5
What is the ten thousands digit of 58164896?
6
What is the hundreds digit of 59638065?
0
What is the ten thousands digit of 49749799?
4
What is the thousands digit of 529044212?
4
What is the hundreds digit of 3324011014?
0
What is the tens digit of 865448932?
3
What is the units digit of 211545687?
7
What is the ten millions digit of 64047663?
6
What is the hundreds digit of 271928955?
9
What is the tens digit of 526870373?
7
What is the units digit of 58237749?
9
What is the thousands digit of 4091459?
1
What is the units digit of 223036635?
5
What is the tens digit of 180587454?
5
What is the millions digit of 85159102?
5
What is the millions digit of 32425146?
2
What is the hundreds digit of 3249784347?
3
What is the units digit of 201024307?
7
What is the ten millions digit of 738457484?
3
What is the ten millions digit of 3937616095?
3
What is the ten thousands digit of 284956335?
5
What is the ten millions digit of 139240568?
3
What is the hundreds digit of 1108249316?
3
What is the hundred thousands digit of 58152589?
1
What is the tens digit of 188711451?
5
What is the ten thousands digit of 15437886?
3
What is the hundred thousands digit of 18823298?
8
What is the hundred millions digit of 855075965?
8
What is the tens digit of 149962575?
7
What is the ten millions digit of 678849337?
7
What is the thousands digit of 744215119?
5
What is the hundred millions digit of 160048248?
1
What is the tens digit of 72523031?
3
What is the thousands digit of 4644959332?
9
What is the ten millions digit of 5102579332?
0
What is the ten thousands digit of 2489863?
8
What is the hundred millions digit of 460045257?
4
What is the hundreds digit of 63413805?
8
What is the hundred thousands digit of 99592689?
5
What is the tens digit of 2978731?
3
What is the hundred millions digit of 1108341793?
1
What is the millions digit of 1977894803?
7
What is the thousands digit of 235794581?
4
What is the ten millions digit of 418484119?
1
What is the ten thousands digit of 1668287283?
8
What is the thousands digit of 15085424?
5
What is the billions digit of 6177556291?
6
What is the hundreds digit of 557108977?
9
What is the hundred millions digit of 6719758189?
7
What is the hundred millions digit of 1172334291?
1
What is the hundred thousands digit of 636014643?
0
What is the units digit of 836916865?
5
What is the millions digit of 3276012222?
6
What is the hundreds digit of 55588875?
8
What is the hundred thousands digit of 3741354076?
3
What is the ten millions digit of 135378631?
3
What is the hundreds digit of 47326187?
1
What is the billions digit of 6178908590?
6
What is the billions digit of 4000547323?
4
What is the ten millions digit of 29349529?
2
What is the thousands digit of 53976781?
6
What is the millions digit of 101196400?
1
What is the hundred thousands digit of 1943723922?
7
What is the tens digit of 3370224010?
1
What is the hundreds digit of 212950709?
7
What is the tens digit of 7835978883?
8
What is the ten millions digit of 36561135?
3
What is the hundred thousands digit of 6885746?
8
What is the thousands digit of 589207276?
7
What is the units digit of 49075742?
2
What is the units digit of 784703100?
0
What is the millions digit of 195000426?
5
What is the thousands digit of 3725235348?
5
What is the thousands digit of 141160029?
0
What is the millions digit of 2796311562?
6
What is the ten millions digit of 807909139?
0
What is the hundred thousands digit of 1187515292?
5
What is the tens digit of 1326772?
7
What is the millions digit of 976895928?
6
What is the thousands digit of 239991057?
1
What is the units digit of 4563028404?
4
What is the hundreds digit of 146818526?
5
What is the billions digit of 1059992439?
1
What is the hundreds digit of 118244215?
2
What is the billions digit of 2154071540?
2
What is the millions digit of 123630489?
3
What is the ten thousands digit of 3781659368?
5
What is the ten thousands digit of 10938868?
3
What is the tens digit of 27918658?
5
What is the hundreds digit of 1611